{"id":394,"date":"2026-01-26T03:48:56","date_gmt":"2026-01-26T03:48:56","guid":{"rendered":"http:\/\/jdinstalayreforma.com\/?page_id=394"},"modified":"2026-01-30T16:17:17","modified_gmt":"2026-01-30T16:17:17","slug":"calefaccion-y-aire-acondicionado","status":"publish","type":"page","link":"https:\/\/jdinstalayreforma.com\/index.php\/calefaccion-y-aire-acondicionado\/","title":{"rendered":"Calefacci\u00f3n y Aire Acondicionado"},"content":{"rendered":"\t\t<div data-elementor-type=\"wp-page\" data-elementor-id=\"394\" class=\"elementor elementor-394\">\n\t\t\t\t<div class=\"elementor-element elementor-element-d16f4f2 e-flex e-con-boxed e-con e-parent\" data-id=\"d16f4f2\" data-element_type=\"container\" data-e-type=\"container\">\n\t\t\t\t\t<div class=\"e-con-inner\">\n\t\t\t\t<div class=\"elementor-element elementor-element-40f4fe5 elementor-widget elementor-widget-heading\" data-id=\"40f4fe5\" data-element_type=\"widget\" data-e-type=\"widget\" data-widget_type=\"heading.default\">\n\t\t\t\t\t<h2 class=\"elementor-heading-title elementor-size-default\">Calefacci\u00f3n y Aire Acondicionado<\/h2>\t\t\t\t<\/div>\n\t\t\t\t\t<\/div>\n\t\t\t\t<\/div>\n\t\t<div class=\"elementor-element elementor-element-a93f811 e-flex e-con-boxed e-con e-parent\" data-id=\"a93f811\" data-element_type=\"container\" data-e-type=\"container\">\n\t\t\t\t\t<div class=\"e-con-inner\">\n\t\t<div class=\"elementor-element elementor-element-785a1f8 e-con-full e-flex e-con e-child\" data-id=\"785a1f8\" data-element_type=\"container\" data-e-type=\"container\">\n\t\t\t\t<div class=\"elementor-element elementor-element-5dfa5fa elementor-widget elementor-widget-text-editor\" data-id=\"5dfa5fa\" data-element_type=\"widget\" data-e-type=\"widget\" data-widget_type=\"text-editor.default\">\n\t\t\t\t\t\t\t\t\t<p>Instalamos, mantenemos y reparamos sistemas de calefacci\u00f3n y aire acondicionado para que tengas confort durante todo el a\u00f1o.<\/p><p>Te asesoramos sobre la mejor opci\u00f3n seg\u00fan tu espacio, consumo y presupuesto, siempre con soluciones eficientes y duraderas.<\/p><p>Servicios incluidos:<\/p><ul class=\"ul1\"><li class=\"li1\">Instalaci\u00f3n de sistemas de calefacci\u00f3n<\/li><li class=\"li1\">Instalaci\u00f3n de aire acondicionado<\/li><li class=\"li1\">Mantenimiento preventivo<\/li><li class=\"li1\">Reparaciones y puestas a punto<\/li><\/ul><p>Buscamos el equilibrio entre confort, eficiencia y ahorro energ\u00e9tico.<\/p>\t\t\t\t\t\t\t\t<\/div>\n\t\t\t\t<div class=\"elementor-element elementor-element-95ca156 elementor-widget elementor-widget-button\" data-id=\"95ca156\" data-element_type=\"widget\" data-e-type=\"widget\" data-widget_type=\"button.default\">\n\t\t\t\t\t\t\t\t\t\t<a class=\"elementor-button elementor-button-link elementor-size-sm\" href=\"https:\/\/wa.me\/34645913662?text=Hola%2C%20quiero%20m%C3%A1s%20informaci%C3%B3n\">\n\t\t\t\t\t\t<span class=\"elementor-button-content-wrapper\">\n\t\t\t\t\t\t\t\t\t<span class=\"elementor-button-text\">Pedir presupuesto<\/span>\n\t\t\t\t\t<\/span>\n\t\t\t\t\t<\/a>\n\t\t\t\t\t\t\t\t<\/div>\n\t\t\t\t<\/div>\n\t\t<div class=\"elementor-element elementor-element-648498b e-con-full e-flex e-con e-child\" data-id=\"648498b\" data-element_type=\"container\" data-e-type=\"container\">\n\t\t\t\t<div class=\"elementor-element elementor-element-85ebbcd elementor-widget elementor-widget-image\" data-id=\"85ebbcd\" data-element_type=\"widget\" data-e-type=\"widget\" data-widget_type=\"image.default\">\n\t\t\t\t\t\t\t\t\t\t\t\t\t\t\t<img fetchpriority=\"high\" decoding=\"async\" width=\"800\" height=\"800\" src=\"https:\/\/jdinstalayreforma.com\/wp-content\/uploads\/2026\/01\/01_0001_manual-worker-grinding-metal-steel-objects-workshop-with-tools.jpg\" class=\"attachment-large size-large wp-image-65\" alt=\"\" srcset=\"https:\/\/jdinstalayreforma.com\/wp-content\/uploads\/2026\/01\/01_0001_manual-worker-grinding-metal-steel-objects-workshop-with-tools.jpg 800w, https:\/\/jdinstalayreforma.com\/wp-content\/uploads\/2026\/01\/01_0001_manual-worker-grinding-metal-steel-objects-workshop-with-tools-300x300.jpg 300w, https:\/\/jdinstalayreforma.com\/wp-content\/uploads\/2026\/01\/01_0001_manual-worker-grinding-metal-steel-objects-workshop-with-tools-150x150.jpg 150w\" sizes=\"100vw\" \/>\t\t\t\t\t\t\t\t\t\t\t\t\t\t\t<\/div>\n\t\t\t\t<\/div>\n\t\t\t\t\t<\/div>\n\t\t\t\t<\/div>\n\t\t<div class=\"elementor-element elementor-element-96f639f e-flex e-con-boxed e-con e-parent\" data-id=\"96f639f\" data-element_type=\"container\" data-e-type=\"container\">\n\t\t\t\t\t<div class=\"e-con-inner\">\n\t\t\t\t<div class=\"elementor-element elementor-element-5ed23f3 elementor-widget elementor-widget-spacer\" data-id=\"5ed23f3\" data-element_type=\"widget\" data-e-type=\"widget\" data-widget_type=\"spacer.default\">\n\t\t\t\t\t\t\t<div class=\"elementor-spacer\">\n\t\t\t<div class=\"elementor-spacer-inner\"><\/div>\n\t\t<\/div>\n\t\t\t\t\t\t<\/div>\n\t\t\t\t\t<\/div>\n\t\t\t\t<\/div>\n\t\t\t\t<\/div>\n\t\t","protected":false},"excerpt":{"rendered":"<p>Calefacci\u00f3n y Aire Acondicionado Instalamos, mantenemos y reparamos sistemas de calefacci\u00f3n y aire acondicionado para que tengas confort durante todo el a\u00f1o. Te asesoramos sobre la mejor opci\u00f3n seg\u00fan tu espacio, consumo y presupuesto, siempre con soluciones eficientes y duraderas. Servicios incluidos: Instalaci\u00f3n de sistemas de calefacci\u00f3n Instalaci\u00f3n de aire acondicionado Mantenimiento preventivo Reparaciones y &hellip; <\/p>\n<p class=\"link-more\"><a href=\"https:\/\/jdinstalayreforma.com\/index.php\/calefaccion-y-aire-acondicionado\/\" class=\"more-link\">Leer m\u00e1s<span class=\"screen-reader-text\"> \u00abCalefacci\u00f3n y Aire Acondicionado\u00bb<\/span><\/a><\/p>\n","protected":false},"author":1,"featured_media":0,"parent":0,"menu_order":0,"comment_status":"closed","ping_status":"closed","template":"","meta":{"inspiro_hide_title":false,"footnotes":""},"class_list":["post-394","page","type-page","status-publish","hentry"],"_links":{"self":[{"href":"https:\/\/jdinstalayreforma.com\/index.php\/wp-json\/wp\/v2\/pages\/394","targetHints":{"allow":["GET"]}}],"collection":[{"href":"https:\/\/jdinstalayreforma.com\/index.php\/wp-json\/wp\/v2\/pages"}],"about":[{"href":"https:\/\/jdinstalayreforma.com\/index.php\/wp-json\/wp\/v2\/types\/page"}],"author":[{"embeddable":true,"href":"https:\/\/jdinstalayreforma.com\/index.php\/wp-json\/wp\/v2\/users\/1"}],"replies":[{"embeddable":true,"href":"https:\/\/jdinstalayreforma.com\/index.php\/wp-json\/wp\/v2\/comments?post=394"}],"version-history":[{"count":12,"href":"https:\/\/jdinstalayreforma.com\/index.php\/wp-json\/wp\/v2\/pages\/394\/revisions"}],"predecessor-version":[{"id":751,"href":"https:\/\/jdinstalayreforma.com\/index.php\/wp-json\/wp\/v2\/pages\/394\/revisions\/751"}],"wp:attachment":[{"href":"https:\/\/jdinstalayreforma.com\/index.php\/wp-json\/wp\/v2\/media?parent=394"}],"curies":[{"name":"wp","href":"https:\/\/api.w.org\/{rel}","templated":true}]}}