{"id":388,"date":"2026-01-26T03:48:25","date_gmt":"2026-01-26T03:48:25","guid":{"rendered":"http:\/\/jdinstalayreforma.com\/?page_id=388"},"modified":"2026-01-30T16:16:37","modified_gmt":"2026-01-30T16:16:37","slug":"fontaneria-lampisteria","status":"publish","type":"page","link":"https:\/\/jdinstalayreforma.com\/index.php\/fontaneria-lampisteria\/","title":{"rendered":"Fontaner\u00eda \/ Lampister\u00eda"},"content":{"rendered":"\t\t<div data-elementor-type=\"wp-page\" data-elementor-id=\"388\" class=\"elementor elementor-388\">\n\t\t\t\t<div class=\"elementor-element elementor-element-d16f4f2 e-flex e-con-boxed e-con e-parent\" data-id=\"d16f4f2\" data-element_type=\"container\" data-e-type=\"container\">\n\t\t\t\t\t<div class=\"e-con-inner\">\n\t\t\t\t<div class=\"elementor-element elementor-element-40f4fe5 elementor-widget elementor-widget-heading\" data-id=\"40f4fe5\" data-element_type=\"widget\" data-e-type=\"widget\" data-widget_type=\"heading.default\">\n\t\t\t\t\t<h2 class=\"elementor-heading-title elementor-size-default\">Fontaner\u00eda \/ Lampister\u00eda<\/h2>\t\t\t\t<\/div>\n\t\t\t\t\t<\/div>\n\t\t\t\t<\/div>\n\t\t<div class=\"elementor-element elementor-element-3241b80 e-flex e-con-boxed e-con e-parent\" data-id=\"3241b80\" data-element_type=\"container\" data-e-type=\"container\">\n\t\t\t\t\t<div class=\"e-con-inner\">\n\t\t<div class=\"elementor-element elementor-element-ef882dc e-con-full e-flex e-con e-child\" data-id=\"ef882dc\" data-element_type=\"container\" data-e-type=\"container\">\n\t\t\t\t<div class=\"elementor-element elementor-element-a05868e elementor-widget elementor-widget-text-editor\" data-id=\"a05868e\" data-element_type=\"widget\" data-e-type=\"widget\" data-widget_type=\"text-editor.default\">\n\t\t\t\t\t\t\t\t\t<div><span style=\"color: #000000;\">Solucionamos problemas de fontaner\u00eda de forma r\u00e1pida y eficaz, evitando da\u00f1os mayores y molestias innecesarias.<\/span><\/div><div><span style=\"color: #000000;\">Tanto si se trata de una peque\u00f1a fuga como de una instalaci\u00f3n completa, actuamos con criterio t\u00e9cnico, orden y responsabilidad.<\/span><\/div><div><span style=\"color: #000000;\">Servicios incluidos:<\/span><\/div><div>\u00a0<\/div><div><span style=\"color: #000000;\">\u2022Reparaci\u00f3n de fugas y filtraciones<\/span><\/div><div><span style=\"color: #000000;\">\u2022Instalaci\u00f3n y renovaci\u00f3n de tuber\u00edas<\/span><\/div><div><span style=\"color: #000000;\">\u2022Montaje y sustituci\u00f3n de sanitarios<\/span><\/div><div><span style=\"color: #000000;\">\u2022Instalaciones de agua fr\u00eda y caliente<\/span><\/div><div><span style=\"color: #000000;\">\u2022Desag\u00fces y evacuaciones<\/span><\/div><div>\u00a0<\/div><div><span style=\"color: #000000;\">Nuestro objetivo es que todo funcione correctamente y quede bien hecho desde el primer d\u00eda.<\/span><\/div>\t\t\t\t\t\t\t\t<\/div>\n\t\t\t\t<div class=\"elementor-element elementor-element-505dfe6 elementor-widget elementor-widget-button\" data-id=\"505dfe6\" data-element_type=\"widget\" data-e-type=\"widget\" data-widget_type=\"button.default\">\n\t\t\t\t\t\t\t\t\t\t<a class=\"elementor-button elementor-button-link elementor-size-sm\" href=\"https:\/\/wa.me\/34645913662?text=Hola%2C%20quiero%20m%C3%A1s%20informaci%C3%B3n\">\n\t\t\t\t\t\t<span class=\"elementor-button-content-wrapper\">\n\t\t\t\t\t\t\t\t\t<span class=\"elementor-button-text\">Pedir presupuesto<\/span>\n\t\t\t\t\t<\/span>\n\t\t\t\t\t<\/a>\n\t\t\t\t\t\t\t\t<\/div>\n\t\t\t\t<\/div>\n\t\t<div class=\"elementor-element elementor-element-091245a e-con-full e-flex e-con e-child\" data-id=\"091245a\" data-element_type=\"container\" data-e-type=\"container\">\n\t\t\t\t<div class=\"elementor-element elementor-element-92b89a3 elementor-widget elementor-widget-image\" data-id=\"92b89a3\" data-element_type=\"widget\" data-e-type=\"widget\" data-widget_type=\"image.default\">\n\t\t\t\t\t\t\t\t\t\t\t\t\t\t\t<img fetchpriority=\"high\" decoding=\"async\" width=\"800\" height=\"800\" src=\"https:\/\/jdinstalayreforma.com\/wp-content\/uploads\/2026\/01\/01_0000_builder-with-construction-tools-construction-site-looking-blueprint.jpg\" class=\"attachment-large size-large wp-image-64\" alt=\"\" srcset=\"https:\/\/jdinstalayreforma.com\/wp-content\/uploads\/2026\/01\/01_0000_builder-with-construction-tools-construction-site-looking-blueprint.jpg 800w, https:\/\/jdinstalayreforma.com\/wp-content\/uploads\/2026\/01\/01_0000_builder-with-construction-tools-construction-site-looking-blueprint-300x300.jpg 300w, https:\/\/jdinstalayreforma.com\/wp-content\/uploads\/2026\/01\/01_0000_builder-with-construction-tools-construction-site-looking-blueprint-150x150.jpg 150w\" sizes=\"100vw\" \/>\t\t\t\t\t\t\t\t\t\t\t\t\t\t\t<\/div>\n\t\t\t\t<\/div>\n\t\t\t\t\t<\/div>\n\t\t\t\t<\/div>\n\t\t<div class=\"elementor-element elementor-element-3d1482d e-flex e-con-boxed e-con e-parent\" data-id=\"3d1482d\" data-element_type=\"container\" data-e-type=\"container\">\n\t\t\t\t\t<div class=\"e-con-inner\">\n\t\t\t\t<div class=\"elementor-element elementor-element-1cb7440 elementor-widget elementor-widget-spacer\" data-id=\"1cb7440\" data-element_type=\"widget\" data-e-type=\"widget\" data-widget_type=\"spacer.default\">\n\t\t\t\t\t\t\t<div class=\"elementor-spacer\">\n\t\t\t<div class=\"elementor-spacer-inner\"><\/div>\n\t\t<\/div>\n\t\t\t\t\t\t<\/div>\n\t\t\t\t\t<\/div>\n\t\t\t\t<\/div>\n\t\t\t\t<\/div>\n\t\t","protected":false},"excerpt":{"rendered":"<p>Fontaner\u00eda \/ Lampister\u00eda Solucionamos problemas de fontaner\u00eda de forma r\u00e1pida y eficaz, evitando da\u00f1os mayores y molestias innecesarias.Tanto si se trata de una peque\u00f1a fuga como de una instalaci\u00f3n completa, actuamos con criterio t\u00e9cnico, orden y responsabilidad.Servicios incluidos:\u00a0\u2022Reparaci\u00f3n de fugas y filtraciones\u2022Instalaci\u00f3n y renovaci\u00f3n de tuber\u00edas\u2022Montaje y sustituci\u00f3n de sanitarios\u2022Instalaciones de agua fr\u00eda y caliente\u2022Desag\u00fces &hellip; <\/p>\n<p class=\"link-more\"><a href=\"https:\/\/jdinstalayreforma.com\/index.php\/fontaneria-lampisteria\/\" class=\"more-link\">Leer m\u00e1s<span class=\"screen-reader-text\"> \u00abFontaner\u00eda \/ Lampister\u00eda\u00bb<\/span><\/a><\/p>\n","protected":false},"author":1,"featured_media":0,"parent":0,"menu_order":0,"comment_status":"closed","ping_status":"closed","template":"","meta":{"inspiro_hide_title":false,"footnotes":""},"class_list":["post-388","page","type-page","status-publish","hentry"],"_links":{"self":[{"href":"https:\/\/jdinstalayreforma.com\/index.php\/wp-json\/wp\/v2\/pages\/388","targetHints":{"allow":["GET"]}}],"collection":[{"href":"https:\/\/jdinstalayreforma.com\/index.php\/wp-json\/wp\/v2\/pages"}],"about":[{"href":"https:\/\/jdinstalayreforma.com\/index.php\/wp-json\/wp\/v2\/types\/page"}],"author":[{"embeddable":true,"href":"https:\/\/jdinstalayreforma.com\/index.php\/wp-json\/wp\/v2\/users\/1"}],"replies":[{"embeddable":true,"href":"https:\/\/jdinstalayreforma.com\/index.php\/wp-json\/wp\/v2\/comments?post=388"}],"version-history":[{"count":13,"href":"https:\/\/jdinstalayreforma.com\/index.php\/wp-json\/wp\/v2\/pages\/388\/revisions"}],"predecessor-version":[{"id":748,"href":"https:\/\/jdinstalayreforma.com\/index.php\/wp-json\/wp\/v2\/pages\/388\/revisions\/748"}],"wp:attachment":[{"href":"https:\/\/jdinstalayreforma.com\/index.php\/wp-json\/wp\/v2\/media?parent=388"}],"curies":[{"name":"wp","href":"https:\/\/api.w.org\/{rel}","templated":true}]}}